13684895?
14
What is the remainder when 368210 is divided by 56?
10
Calculate the remainder when 195656776 is divided by 19900.
19876
What is the remainder when 897964 is divided by 2148?
100
What is the remainder when 105593 is divided by 13016?
1465
Calculate the remainder when 2077452 is divided by 480.
12
Calculate the remainder when 2303613 is divided by 220.
213
What is the remainder when 384094 is divided by 383792?
302
Calculate the remainder when 52104 is divided by 5126.
844
Calculate the remainder when 10056797 is divided by 1493.
1442
What is the remainder when 129086 is divided by 5162?
36
Calculate the remainder when 3510753 is divided by 6074.
6055
Calculate the remainder when 553108 is divided by 184363.
19
What is the remainder when 453165 is divided by 1108?
1101
Calculate the remainder when 615040 is divided by 615040.
0
What is the remainder when 52971320 is divided by 985?
975
What is the remainder when 123784 is divided by 27?
16
Calculate the remainder when 940831815 is divided by 356.
355
Calculate the remainder when 3471678 is divided by 5.
3
What is the remainder when 635849 is divided by 157?
156
Calculate the remainder when 1704907 is divided by 5.
2
What is the remainder when 8043442 is divided by 194?
8
What is the remainder when 5564620 is divided by 24?
4
What is the remainder when 171015 is divided by 58?
31
What is the remainder when 610365 is divided by 478?
437
What is the remainder when 1570535 is divided by 785263?
9
Calculate the remainder when 748824 is divided by 5466.
5448
Calculate the remainder when 445210 is divided by 1102.
2
Calculate the remainder when 13853 is divided by 226.
67
What is the remainder when 1153705028 is divided by 4?
0
What is the remainder when 15258853 is divided by 42?
1
What is the remainder when 2636581 is divided by 172?
165
What is the remainder when 535056 is divided by 248?
120
Calculate the remainder when 305487 is divided by 51.
48
What is the remainder when 115554 is divided by 1242?
48
What is the remainder when 201174 is divided by 263?
242
Calculate the remainder when 73507 is divided by 23264.
3715
What is the remainder when 124066 is divided by 3259?
224
Calculate the remainder when 2421980 is divided by 1210926.
128
What is the remainder when 2727989 is divided by 2727937?
52
What is the remainder when 503464 is divided by 215?
149
What is the remainder when 4767616 is divided by 9995?
1
What is the remainder when 2645376 is divided by 52?
32
Calculate the remainder when 388327749 is divided by 18.
15
Calculate the remainder when 5301378 is divided by 2136.
1962
Calculate the remainder when 36421807 is divided by 106.
101
Calculate the remainder when 809204 is divided by 3914.
2920
What is the remainder when 3471336 is divided by 10362?
66
What is the remainder when 627194 is divided by 1054?
64
What is the remainder when 1037947 is divided by 201?
184
What is the remainder when 1438018 is divided by 97?
90
What is the remainder when 178106117 is divided by 3753?
3749
Calculate the remainder when 2522214 is divided by 97004.
110
What is the remainder when 8576 is divided by 7858?
718
What is the remainder when 270817 is divided by 67627?
309
Calculate the remainder when 16237833 is divided by 8118912.
9
Calculate the remainder when 771532 is divided by 105.
97
What is the remainder when 154729 is divided by 671?
399
What is the remainder when 2481510 is divided by 502?
124
Calculate the remainder when 57885 is divided by 2388.
573
Calculate the remainder when 39237497 is divided by 3125.
3122
Calculate the remainder when 10573195 is divided by 66.
61
What is the remainder when 4546684 is divided by 909291?
229
What is the remainder when 15992785 is divided by 113?
8
Calculate the remainder when 21748421 is divided by 8.
5
What is the remainder when 10977378 is divided by 5488617?
144
What is the remainder when 40670 is divided by 543?
488
Calculate the remainder when 12902928 is divided by 3225708.
96
Calculate the remainder when 2330027 is divided by 48542.
11
What is the remainder when 1495599 is divided by 3356?
2179
What is the remainder when 387700136 is divided by 16988?
0
What is the remainder when 401931 is divided by 26?
23
Calculate the remainder when 131190 is divided by 65561.
68
Calculate the remainder when 30371512 is divided by 122.
100
What is the remainder when 65890 is divided by 717?
643
What is the remainder when 2532251 is divided by 18?
11
Calculate the remainder when 98396424 is divided by 278.
270
Calculate the remainder when 56494774 is divided by 22616.
6
Calculate the remainder when 362379 is divided by 1659.
717
Calculate the remainder when 6485102 is divided by 16.
14
What is the remainder when 411705 is divided by 461?
32
What is the remainder when 13545152 is divided by 1359?
1358
Calculate the remainder when 81563593 is divided by 64.
9
What is the remainder when 91897 is divided by 30241?
1174
Calculate the remainder when 408469980 is divided by 115.
100
Calculate the remainder when 82072637 is divided by 249.
245
What is the remainder when 23919765 is divided by 3005?
2970
What is the remainder when 12934 is divided by 6466?
2
What is the remainder when 7335769 is divided by 2442?
1
What is the remainder when 228840 is divided by 8003?
4756
Calculate the remainder when 61288392 is divided by 4288.
8
What is the remainder when 35506317 is divided by 3181?
3176
Calculate the remainder when 1865200 is divided by 9546.
3730
Calculate the remainder when 3560503 is divided by 1186822.
37
What is the remainder when 713076 is divided by 59420?
36
Calculate the remainder when 248943 is divided by 82894.
261
Calculate the remainder when 784771606 is divided by 35.
31
What is the remainder when 18832134 is divided by 116?
114
Calculate the remainder when 412497 is divided by 1100.
1097
Calculate the remainder when 70809310 is divided by 2352.
2350
Calculate the remainder when 3966710 is divided by 18.
14
Calculate the remainder when 17772121 is divided by 93.
7
Calculate the remainder when 4733668 is divided by 42.
16
What is the remainder when 47873260 is divided by 15957744?
28
What is the remainder when 4214442 is divided by 504?
498
Calculate the remainder when 48466 is divided by 4667.
1796
What is the remainder when 305501 is divided by 153?
113
What is the remainder when 1351703 is divided by 212?
203
Calculate the remainder when 674709 is divided by 224893.
30
Calculate the remainder when 828247 is divided by 276004.
235
Calculate the remainder when 296687 is divided by 241.
16
Calculate the remainder when 1073018 is divided by 1293.
1121
Calculate the remainder when 4737 is divided by 4233.
504
What is the remainder when 98385 is divided by 7003?
343
Calculate the remainder when 2100062 is divided by 7778.
2
What is the remainder when 26059099 is divided by 185?
184
What is the remainder when 2558955 is divided by 63?
21
Calculate the remainder when 1186689 is divided by 2839.
2826
Calculate the remainder when 284243 is divided by 39690.
6413
What is the remainder when 1053673 is divided by 60?
13
Calculate the remainder when 463268 is divided by 23163.
8
Calculate the remainder when 35521288 is divided by 11840427.
7
Calculate the remainder when 28085597 is divided by 9361842.
71
Calculate the remainder when 245330 is divided by 61327.
22
Calculate the remainder when 55704444 is divided by 822.
792
What is the remainder when 3324318 is divided by 790?
788
Calculate the remainder when 2197474 is divided by 5122.
136
Calculate the remainder when 24889 is divided by 7532.
2293
What is the remainder when 7757995 is divided by 1939494?
19
What is the remainder when 75479453 is divided by 821?
818
What is the remainder when 39333390 is divided by 21?
12
What is the remainder when 42218 is divided by 1173?
1163
What is the remainder when 32711947 is divided by 57693?
16
What is the remainder when 1504896 is divided by 752448?
0
What is the remainder when 118182 is divided by 33?
9
What is the remainder when 109598 is divided by 54018?
1562
What is the remainder when 174205 is divided by 3275?
630
What is the remainder when 11107 is divided by 3178?
1573
What is the remainder when 24947475 is divided by 84282?
3
What is the remainde